ive of -1/6*l**4 - 1/10*l**5 + 1/6*l**3 + 0*l**2 + 32*l + 0. Calculate v(1).
-3
Suppose s - 409 = -415. Let x(a) = -a**3 - 6*a**2 - 2*a + 7. What is x(s)?
19
Let l(o) = 2*o**3 + 3*o - 16*o**2 + 35*o**2 - 16*o**2. Calculate l(-2).
-10
Let r(f) be the third derivative of -f**5/120 - 7*f**4/24 - 13*f**3/3 + 18*f**2. Let d(o) be the first derivative of r(o). What is d(-6)?
-1
Let r be -11 + 10/1 + 0. Let z(q) be the second derivative of -q**3/3 + q**2/2 + q. What is z(r)?
3
Let p(a) = -a**3 - a**2 - a. Let b(n) = 4*n**2 + 4*n**2 + 2*n**3 + 3*n**3 - 278*n + 2 + 286*n. Let f(v) = -b(v) - 6*p(v). Give f(3).
1
Let o = -51 + 53. Let i be o/(-4) + (0 - 3/2). Let d(v) = -v - 4. Calculate d(i).
-2
Let y(l) = 2*l**2 + 71 + 2*l**3 - 2*l**3 - 72 - 13*l**3. Let o = 4 - 5. Give y(o).
14
Let z(u) = 2*u**3 - 2*u + 1. Suppose 0 = 6*o - 83 + 23. Suppose -3*x - x + 20 = 0, 5*h - 3*x + o = 0. Give z(h).
1
Let v(u) = u**3 + 5*u**2 - 3. Suppose 5*k = 4*k. Let i be k/(-7) + (-5)/1. Give v(i).
-3
Let j = -135 - -131. Let m(o) = -o - 1. Let t(p) = -4 + 5*p + 1 + 4. Let b(a) = 4*m(a) + t(a). Calculate b(j).
-7
Let r(z) = -z**2 - 4*z + 4. Let c(w) = 2*w**3 - 8*w**2 - 3*w + 8. Let x be c(4). What is r(x)?
4
Let w(s) = -16*s + 70. Let k(c) = 9*c - 36. Let f(g) = 5*k(g) + 3*w(g). Determine f(13).
-9
Let l(k) = -k**3 - 4*k**2 - 2. Let v be l(-3). Let p = v + 17. Let w(f) = p*f + 0*f - 3 + 1 - f. What is w(2)?
8
Let n = -3 - -8. Let r be 18*3/((-9)/2). Let g be r/5 + 2/n. Let v(p) = -p - 1. What is v(g)?
1
Let y(n) = -n**3 - n**2 - n + 5. Suppose -4*m - 5 = 7, 9 = -t - 3*m. What is y(t)?
5
Let x(h) be the second derivative of h**7/504 + h**6/360 + h**5/120 - h**4/2 - 10*h. Let u(t) be the third derivative of x(t). What is u(-1)?
4
Suppose 231*a + 10 = 229*a. Let k(l) = l**2 - 7. Determine k(a).
18
Let o(s) = -s**2 + 4*s + 20. Let r be o(7). Let n be ((-2)/(-4))/1*4. Let q(c) = -3*c**2 + 2*c**2 - c + 3*c**n. What is q(r)?
3
Let z(r) = r**3 - r**2 - r - 103. Let c be z(0). Let o be c/(-7) + (-34)/(-119). Let j = -21 + o. Let g(w) = -w**3 - 5*w**2 + 5*w - 5. What is g(j)?
1
Let m(u) = 2*u + 2. Let h(p) = p**3 + 15*p**2 + 27*p + 15. Let g be h(-13). Let d(c) = -c - 1. Let f(v) = g*m(v) + 3*d(v). Give f(-3).
-2
Let p(t) = t**2 - 4*t - 10. Let u(a) = -3*a**3 - 4*a**2 + 2*a + 3. Let r be u(-2). What is p(r)?
11
Let q(z) be the third derivative of z**4/8 + 2*z**3/3 + 13*z**2. Let i(b) = 0 - b**3 - 3 + 2*b**3 - 4*b**2 + 4*b. Let o be i(2). Determine q(o).
-5
Let d(j) = -18*j - 22 - 20*j**2 + 8*j**3 + 17*j - 7*j**3 - 2*j**3. Calculate d(-20).
-2
Suppose -1 - 5 = -n. Suppose -j - n = j. Let l(f) be the second derivative of -f**3/6 - 2*f**2 + f. Give l(j).
-1
Let g(x) = -9*x**3 + 8*x**2 - x - 8. Let p(z) = 5*z**3 - 4*z**2 + 5. Let u(k) = 4*g(k) + 7*p(k). Let d = -4 + 6. Give u(d).
3
Let w = 11 + -13. Let a be (w/(-4))/(2/(-8)). Let b(z) = -4*z**3 - 7*z**2 + 2. Let c(d) = 11*d**3 + 20*d**2 + d - 5. Let j(r) = 8*b(r) + 3*c(r). Calculate j(a).
3
Let w(x) be the third derivative of x**4/12 + x**3 - 464*x**2. Determine w(6).
18
Suppose -x = -0*x - 2*f + 2, 3*f = 6. Suppose -23 = -4*v - 3. Let o(l) = -v*l + 4*l + x + 0. What is o(4)?
-2
Let g be (-12)/(-102) + (-30)/(-34). Let u(h) = 2*h**2 + 7*h - 3*h**2 + h - g - 8. What is u(6)?
3
Suppose 10 + 10 = 5*r. Let i(g) = -2*g**3 + 3*g**2 + 7*g + 2. Let p(x) = 3*x**3 - 2*x**2 - 8*x - 2. Let t(w) = r*i(w) + 3*p(w). Give t(-5).
7
Let w(i) = -40*i**2 - 46*i + 8. Let q(r) = 14*r**2 + 16*r - 3. Let y(h) = 17*q(h) + 6*w(h). What is y(-2)?
-3
Let v be (-16)/56 - 4/(56/150). Let k = v + 14. Let y(u) be the first derivative of u**4/4 - 4*u**3/3 - u**2/2 - 2. Give y(k).
-12
Let z(x) = -6*x - 9 - 6 - 10. Let o(i) be the second derivative of -i**3/6 - 5*i**2/2 - 19*i. Let b(g) = 11*o(g) - 2*z(g). What is b(-4)?
-9
Let c(j) = 603 - 18*j + 590 - j**2 - 1216. Determine c(-17).
-6
Let u(k) = -k**2 - 5*k - 5. Suppose -3*p + 0*l = 4*l + 21, -3*l - 24 = 5*p. Let j(m) = m**2 - 5*m - 1. Let z be j(5). Let a = p + z. What is u(a)?
-1
Suppose -r - 3*i = 8, 2*i = -4*r + 7*i + 36. Let n(m) be the third derivative of -m**4/24 - m**3/6 - 6*m**2. Calculate n(r).
-5
Let l be 90/63 - 8/(-14). Let v be -3 + -3 - (-6)/l. Let g(x) = 2*x**2 + 8*x - 1. Let m(a) = -a. Let s(y) = -g(y) - 5*m(y). Calculate s(v).
-8
Let n(q) = 100 + 2*q**2 - 201 + 100. Calculate n(2).
7
Let p(b) = -13*b + 2*b**2 + 16*b - 10*b + 3 - 3*b**2. Give p(-12).
-57
Let o(r) = -r**2 - 10*r - 26. Let k be o(-4). Let i(c) = 5*c - 4. Give i(k).
-14
Let i(h) = 9*h - 53. Let c be i(6). Let d(x) = -6 + x**2 + 2*x + 9*x**3 - 3*x + 7. Give d(c).
10
Let t be ((-3)/(-2))/(4/32). Suppose t = 3*x + p, 0 = -x + 3*p - 3 + 17. Let v(y) = y - 10. Determine v(x).
-5
Let f = 135 + -132. Let c(m) be the second derivative of m**3/6 + 6*m. What is c(f)?
3
Let c(j) = 3*j - 3. Let p(t) = t - 1. Let i(n) = 13*n - 13. Let w(h) = -i(h) + 6*p(h). Let k(d) = 15*c(d) + 6*w(d). Determine k(-4).
-15
Let n(v) = -3 - 178*v**3 + 4*v**2 + 75*v**3 - 3*v + 104*v**3. Let k be -1 - (-6 + 0)/(-2). Calculate n(k).
9
Let r(c) = c**2 + 2*c - 5. Let w(s) = s**2 - 11*s + 5. Let m be w(10). Let n(b) = -2*b - 15. Let y be n(m). Calculate r(y).
10
Let w(l) = 7*l**3 + l**2. Let h(r) = -r**3 - 4*r**2 - 1. Let j be h(-4). Calculate w(j).
-6
Let w(p) = p**3 - 16*p**2 + 42*p - 32. Let l be w(13). Let a(c) = c + 5. Let o(u) = 1. Let t(q) = -a(q) + o(q). Give t(l).
-11
Suppose 2*n = -1 + 7. Let m be (2 + -3)/(n/24). Let g(f) = -f**3 - 9*f**2 - 9*f - 8. Determine g(m).
0
Suppose 3090*c = 3089*c - 8. Let g(r) = 4*r**3 + 10*r**2 - 3*r + 7. Let t(z) = z**3 + z**2 + z - 1. Let o(m) = -g(m) + 3*t(m). Determine o(c).
6
Let g = -1419 - -1410. Let p(v) = -2*v - 16. Calculate p(g).
2
Let r = 14 + -9. Suppose r*d + 40 = -3*u + 18, 3*d = 3*u - 18. Let t(v) be the second derivative of v**3/3 - v**2/2 + 4*v. Give t(d).
-11
Let l(z) = 4*z + 0*z + 4*z. Let y(q) = -q**3 - 10*q**2 + 82. Let i be y(-9). Determine l(i).
8
Let z(x) = -2*x**2 + 4*x + 1. Let t be 27/2 + 1/2. Let n = t + -8. Suppose n = u + 3*k - 7, -2*u = -5*k + 7. Give z(u).
-15
Let h(k) be the third derivative of -k**7/840 + k**6/72 - k**5/40 + k**4/8 + 3*k**3/2 - 2*k**2. Let i(u) be the first derivative of h(u). Calculate i(5).
-12
Let b(k) = 3*k - 8. Let v be (9/6 + -2)*-8. Let x be b(v). Suppose 0 = 2*d + x + 4. Let m(a) = -a**3 - 3*a**2 + a + 3. Give m(d).
15
Let p(y) = -8*y**3 + 12*y**2 + 12*y - 2. Let r(z) = -7*z**3 + 12*z**2 + 10*z - 1. Let l(o) = -6*p(o) + 7*r(o). Determine l(12).
-19
Let r(m) = -45 - 4*m - 8*m + 3*m + 8*m + 3*m. What is r(25)?
5
Let g = 6 + -8. Let t be (-3 - g)*(2 + -6). Suppose -t*w + 16 = 2*b + 6, 20 = 5*w + b. Let z(d) = -d**3 + 5*d**2 - d + 1. What is z(w)?
-4
Suppose -8*t - 81 = 19*t. Let u(f) = -3*f + 2. Determine u(t).
11
Let h(d) be the second derivative of -d**4/12 - 2*d**3/3 - 3*d**2/2 + d. Suppose -6*l + 96 = 3*q - 7*l, -3*l + 96 = 3*q. Let j = q + -36. Calculate h(j).
-3
Let o = 5 + -2. Let c(p) = p**3 - 4*p**3 + p**o - 2 + 1. What is c(-2)?
15
Suppose -2*l + 100 = 2*l. Let r = 27 - l. Let m(p) = -10 - r*p + 5*p + 3 + 6. What is m(1)?
2
Let f(l) = -62*l**2 - 63*l**2 + 5*l + 127*l**2 + 3 + 7 - 1. Give f(-6).
51
Suppose 4*c - o = 17, -o - o = 3*c + 1. Let x(u) = 4 + u - 10 - c*u. Give x(-4).
2
Let m(l) = -4*l + 27. Let s be m(5). Let t(d) be the first derivative of -1/3*d**3 + 7*d + 3*d**2 - 5. Give t(s).
0
Suppose 5*d - 15 = -5*q, -4*d - 3*q = -5*q - 6. Let m(h) = -17*h - h**d - 27*h + 47*h + 5. Give m(4).
1
Let h = 11 + -5. Let z be ((-4)/h)/((-10)/(-285)). Let s = z - -20. Let r(o) = -o**3 + o**2 + 2*o - 1. What is r(s)?
1
Let b(o) = -o + 1. Let t(u) = 5*u - 5. Suppose 5*a = a - 36. Let g(h) = a*b(h) - 2*t(h). Determine g(8).
-7
Let r(i) = 12 - 14 + 31*i - 3*i**2 - 34*i. Determine r(-3).
-20
Let y(d) = 9*d + 24. Suppose 5*u - 13*o + 16 = -12*o, -2*u = 2*o + 4. Calculate y(u).
-3
Let f = 454 + -442. Let x(r) = -r**3 + 11*r**2 + 13*r + 2. Determine x(f).
14
Let k be 1/(-1)*(2 - 14). Suppose 3*g + 2*t = k, 3*g - t = t + 12. Suppose 7 = -q - 3*i, q - g*i - 10 = 2*q. Let d(l) = 4*l**2 - 3*l + 1. What is d(q)?
11
Let d(v) = -v**3 - v**2 - v + 6. Suppose 2*q = -2*q - 156. Let t = 39 + q. Give d(t).
6
Suppose 4*j - 38 = 2*x, -4*j = 5*x - 20 - 25. Let p = 9 - 7. Let i be (j - p)/4 - 1. L